{"id":46525,"date":"2025-08-12T21:29:46","date_gmt":"2025-08-12T21:29:46","guid":{"rendered":"https:\/\/veritas.cl\/veritas\/?page_id=46525"},"modified":"2026-03-20T15:46:47","modified_gmt":"2026-03-20T15:46:47","slug":"seguros-que-conectan","status":"publish","type":"page","link":"https:\/\/veritas.cl\/veritas\/seguros-que-conectan\/","title":{"rendered":"Seguros que conectan"},"content":{"rendered":"\t\t<div data-elementor-type=\"wp-page\" data-elementor-id=\"46525\" class=\"elementor elementor-46525\" data-elementor-settings=\"{&quot;element_pack_global_tooltip_width&quot;:{&quot;unit&quot;:&quot;px&quot;,&quot;size&quot;:&quot;&quot;,&quot;sizes&quot;:[]},&quot;element_pack_global_tooltip_width_laptop&quot;:{&quot;unit&quot;:&quot;px&quot;,&quot;size&quot;:&quot;&quot;,&quot;sizes&quot;:[]},&quot;element_pack_global_tooltip_width_tablet&quot;:{&quot;unit&quot;:&quot;px&quot;,&quot;size&quot;:&quot;&quot;,&quot;sizes&quot;:[]},&quot;element_pack_global_tooltip_width_mobile&quot;:{&quot;unit&quot;:&quot;px&quot;,&quot;size&quot;:&quot;&quot;,&quot;sizes&quot;:[]},&quot;element_pack_global_tooltip_padding&quot;:{&quot;unit&quot;:&quot;px&quot;,&quot;top&quot;:&quot;&quot;,&quot;right&quot;:&quot;&quot;,&quot;bottom&quot;:&quot;&quot;,&quot;left&quot;:&quot;&quot;,&quot;isLinked&quot;:true},&quot;element_pack_global_tooltip_padding_laptop&quot;:{&quot;unit&quot;:&quot;px&quot;,&quot;top&quot;:&quot;&quot;,&quot;right&quot;:&quot;&quot;,&quot;bottom&quot;:&quot;&quot;,&quot;left&quot;:&quot;&quot;,&quot;isLinked&quot;:true},&quot;element_pack_global_tooltip_padding_tablet&quot;:{&quot;unit&quot;:&quot;px&quot;,&quot;top&quot;:&quot;&quot;,&quot;right&quot;:&quot;&quot;,&quot;bottom&quot;:&quot;&quot;,&quot;left&quot;:&quot;&quot;,&quot;isLinked&quot;:true},&quot;element_pack_global_tooltip_padding_mobile&quot;:{&quot;unit&quot;:&quot;px&quot;,&quot;top&quot;:&quot;&quot;,&quot;right&quot;:&quot;&quot;,&quot;bottom&quot;:&quot;&quot;,&quot;left&quot;:&quot;&quot;,&quot;isLinked&quot;:true},&quot;element_pack_global_tooltip_border_radius&quot;:{&quot;unit&quot;:&quot;px&quot;,&quot;top&quot;:&quot;&quot;,&quot;right&quot;:&quot;&quot;,&quot;bottom&quot;:&quot;&quot;,&quot;left&quot;:&quot;&quot;,&quot;isLinked&quot;:true},&quot;element_pack_global_tooltip_border_radius_laptop&quot;:{&quot;unit&quot;:&quot;px&quot;,&quot;top&quot;:&quot;&quot;,&quot;right&quot;:&quot;&quot;,&quot;bottom&quot;:&quot;&quot;,&quot;left&quot;:&quot;&quot;,&quot;isLinked&quot;:true},&quot;element_pack_global_tooltip_border_radius_tablet&quot;:{&quot;unit&quot;:&quot;px&quot;,&quot;top&quot;:&quot;&quot;,&quot;right&quot;:&quot;&quot;,&quot;bottom&quot;:&quot;&quot;,&quot;left&quot;:&quot;&quot;,&quot;isLinked&quot;:true},&quot;element_pack_global_tooltip_border_radius_mobile&quot;:{&quot;unit&quot;:&quot;px&quot;,&quot;top&quot;:&quot;&quot;,&quot;right&quot;:&quot;&quot;,&quot;bottom&quot;:&quot;&quot;,&quot;left&quot;:&quot;&quot;,&quot;isLinked&quot;:true}}\" data-elementor-post-type=\"page\">\n\t\t\t\t<div data-particle_enable=\"false\" data-particle-mobile-disabled=\"false\" class=\"elementor-element elementor-element-bcd5ede e-flex e-con-boxed wpr-particle-no wpr-jarallax-no wpr-parallax-no e-con e-parent\" data-id=\"bcd5ede\" data-element_type=\"container\" data-e-type=\"container\" data-settings=\"{&quot;background_background&quot;:&quot;classic&quot;}\">\n\t\t\t\t\t<div class=\"e-con-inner\">\n\t\t<div data-particle_enable=\"false\" data-particle-mobile-disabled=\"false\" class=\"elementor-element elementor-element-3b8be1e4 e-con-full e-flex wpr-particle-no wpr-jarallax-no wpr-parallax-no e-con e-child\" data-id=\"3b8be1e4\" data-element_type=\"container\" data-e-type=\"container\">\n\t\t<div data-particle_enable=\"false\" data-particle-mobile-disabled=\"false\" class=\"elementor-element elementor-element-4f6eb58e e-con-full e-flex wpr-particle-no wpr-jarallax-no wpr-parallax-no e-con e-child\" data-id=\"4f6eb58e\" data-element_type=\"container\" data-e-type=\"container\">\n\t\t\t\t<div class=\"elementor-element elementor-element-b9bc581 elementor-widget elementor-widget-heading\" data-id=\"b9bc581\" data-element_type=\"widget\" data-e-type=\"widget\" data-widget_type=\"heading.default\">\n\t\t\t\t<div class=\"elementor-widget-container\">\n\t\t\t\t\t<h2 class=\"elementor-heading-title elementor-size-default\">Alianzas que ampl\u00edan nuestro alcance<\/h2>\t\t\t\t<\/div>\n\t\t\t\t<\/div>\n\t\t\t\t<div class=\"elementor-element elementor-element-7f0439b6 elementor-widget elementor-widget-heading\" data-id=\"7f0439b6\" data-element_type=\"widget\" data-e-type=\"widget\" data-widget_type=\"heading.default\">\n\t\t\t\t<div class=\"elementor-widget-container\">\n\t\t\t\t\t<h2 class=\"elementor-heading-title elementor-size-default\">Seguros que conectan<\/h2>\t\t\t\t<\/div>\n\t\t\t\t<\/div>\n\t\t\t\t<\/div>\n\t\t\t\t<\/div>\n\t\t\t\t\t<\/div>\n\t\t\t\t<\/div>\n\t\t\t\t<section data-particle_enable=\"false\" data-particle-mobile-disabled=\"false\" class=\"elementor-section elementor-top-section elementor-element elementor-element-b188d86 elementor-section-boxed elementor-section-height-default elementor-section-height-default wpr-particle-no wpr-jarallax-no wpr-parallax-no\" data-id=\"b188d86\" data-element_type=\"section\" data-e-type=\"section\">\n\t\t\t\t\t\t<div class=\"elementor-container elementor-column-gap-default\">\n\t\t\t\t\t<div class=\"elementor-column elementor-col-100 elementor-top-column elementor-element elementor-element-551ef302\" data-id=\"551ef302\" data-element_type=\"column\" data-e-type=\"column\">\n\t\t\t<div class=\"elementor-widget-wrap elementor-element-populated\">\n\t\t\t\t\t\t<section data-particle_enable=\"false\" data-particle-mobile-disabled=\"false\" class=\"elementor-section elementor-inner-section elementor-element elementor-element-8e15042 elementor-section-boxed elementor-section-height-default elementor-section-height-default wpr-particle-no wpr-jarallax-no wpr-parallax-no\" data-id=\"8e15042\" data-element_type=\"section\" data-e-type=\"section\">\n\t\t\t\t\t\t<div class=\"elementor-container elementor-column-gap-wide\">\n\t\t\t\t\t<div class=\"elementor-column elementor-col-100 elementor-inner-column elementor-element elementor-element-270ea405\" data-id=\"270ea405\" data-element_type=\"column\" data-e-type=\"column\">\n\t\t\t<div class=\"elementor-widget-wrap elementor-element-populated\">\n\t\t\t\t\t\t<div class=\"elementor-element elementor-element-6ef39432 elementor-widget elementor-widget-text-editor\" data-id=\"6ef39432\" data-element_type=\"widget\" data-e-type=\"widget\" data-widget_type=\"text-editor.default\">\n\t\t\t\t<div class=\"elementor-widget-container\">\n\t\t\t\t\t\t\t\t\t<p><span data-teams=\"true\">Las alianzas con compa\u00f1\u00edas de seguros y actores del reaseguro constituyen un elemento central en la estructuraci\u00f3n de soluciones de protecci\u00f3n. <\/span><\/p><p><span data-teams=\"true\">A trav\u00e9s de estos v\u00ednculos, accedemos a capacidad de suscripci\u00f3n, conocimiento t\u00e9cnico y respaldo financiero que permiten abordar riesgos cada vez m\u00e1s complejos, asegurando consistencia entre las necesidades del cliente y las soluciones disponibles en el mercado.<\/span><\/p>\t\t\t\t\t\t\t\t<\/div>\n\t\t\t\t<\/div>\n\t\t\t\t\t<\/div>\n\t\t<\/div>\n\t\t\t\t\t<\/div>\n\t\t<\/section>\n\t\t\t\t\t<\/div>\n\t\t<\/div>\n\t\t\t\t\t<\/div>\n\t\t<\/section>\n\t\t<div data-particle_enable=\"false\" data-particle-mobile-disabled=\"false\" class=\"elementor-element elementor-element-53fbdbb e-flex e-con-boxed wpr-particle-no wpr-jarallax-no wpr-parallax-no e-con e-parent\" data-id=\"53fbdbb\" data-element_type=\"container\" data-e-type=\"container\">\n\t\t\t\t\t<div class=\"e-con-inner\">\n\t\t<div data-particle_enable=\"false\" data-particle-mobile-disabled=\"false\" class=\"elementor-element elementor-element-799caaa6 e-con-full e-flex wpr-particle-no wpr-jarallax-no wpr-parallax-no e-con e-child\" data-id=\"799caaa6\" data-element_type=\"container\" data-e-type=\"container\">\n\t\t<div data-particle_enable=\"false\" data-particle-mobile-disabled=\"false\" class=\"elementor-element elementor-element-68bd3c21 e-con-full e-flex wpr-particle-no wpr-jarallax-no wpr-parallax-no e-con e-child\" data-id=\"68bd3c21\" data-element_type=\"container\" data-e-type=\"container\">\n\t\t\t\t<div class=\"elementor-element elementor-element-69f89ee elementor-hidden-laptop elementor-hidden-tablet elementor-hidden-mobile elementor-widget elementor-widget-heading\" data-id=\"69f89ee\" data-element_type=\"widget\" data-e-type=\"widget\" data-widget_type=\"heading.default\">\n\t\t\t\t<div class=\"elementor-widget-container\">\n\t\t\t\t\t<h2 class=\"elementor-heading-title elementor-size-default\">Estructuraci\u00f3n de capacidades a trav\u00e9s del <br>mercado asegurador<\/h2>\t\t\t\t<\/div>\n\t\t\t\t<\/div>\n\t\t\t\t<div class=\"elementor-element elementor-element-4af8a02 elementor-hidden-desktop elementor-widget elementor-widget-heading\" data-id=\"4af8a02\" data-element_type=\"widget\" data-e-type=\"widget\" data-widget_type=\"heading.default\">\n\t\t\t\t<div class=\"elementor-widget-container\">\n\t\t\t\t\t<h2 class=\"elementor-heading-title elementor-size-default\">Estructuraci\u00f3n de capacidades a trav\u00e9s del mercado asegurador<\/h2>\t\t\t\t<\/div>\n\t\t\t\t<\/div>\n\t\t\t\t<div class=\"elementor-element elementor-element-6bcd04b elementor-widget elementor-widget-text-editor\" data-id=\"6bcd04b\" data-element_type=\"widget\" data-e-type=\"widget\" data-widget_type=\"text-editor.default\">\n\t\t\t\t<div class=\"elementor-widget-container\">\n\t\t\t\t\t\t\t\t\t<p>El mercado asegurador actual se caracteriza por la creciente interdependencia de los riesgos, la sofisticaci\u00f3n de las coberturas y la necesidad de estructuras que integren distintos niveles de protecci\u00f3n. En este contexto, la coordinaci\u00f3n entre aseguradores, actores del reaseguro y corredores resulta esencial para construir programas que aporten estabilidad y continuidad a las operaciones.<\/p><p>Trabajamos con un panel de contrapartes cuidadosamente seleccionado, compuesto por compa\u00f1\u00edas de seguros y actores del reaseguro que comparten est\u00e1ndares t\u00e9cnicos, \u00e9ticos y operativos. Esta selecci\u00f3n se basa en criterios de solvencia, capacidad de respuesta, experiencia en los distintos ramos y consistencia en la relaci\u00f3n con los asegurados.<\/p><p>Estas alianzas permiten estructurar esquemas de cobertura ajustados a la realidad de cada cliente, ya sea a trav\u00e9s de un \u00fanico asegurador o mediante la distribuci\u00f3n del riesgo entre m\u00faltiples participantes del mercado. De este modo, los programas se dise\u00f1an con mayor flexibilidad, profundidad t\u00e9cnica y respaldo adecuado, fortaleciendo la calidad de la protecci\u00f3n en el tiempo.<\/p>\t\t\t\t\t\t\t\t<\/div>\n\t\t\t\t<\/div>\n\t\t\t\t<\/div>\n\t\t\t\t<\/div>\n\t\t\t\t\t<\/div>\n\t\t\t\t<\/div>\n\t\t<div data-particle_enable=\"false\" data-particle-mobile-disabled=\"false\" class=\"elementor-element elementor-element-1b2b896 e-flex e-con-boxed wpr-particle-no wpr-jarallax-no wpr-parallax-no e-con e-parent\" data-id=\"1b2b896\" data-element_type=\"container\" data-e-type=\"container\">\n\t\t\t\t\t<div class=\"e-con-inner\">\n\t\t<div data-particle_enable=\"false\" data-particle-mobile-disabled=\"false\" class=\"elementor-element elementor-element-6c5a3639 e-con-full e-flex wpr-particle-no wpr-jarallax-no wpr-parallax-no e-con e-child\" data-id=\"6c5a3639\" data-element_type=\"container\" data-e-type=\"container\">\n\t\t\t\t<div class=\"elementor-element elementor-element-7edc59a elementor-widget__width-initial elementor-widget elementor-widget-heading\" data-id=\"7edc59a\" data-element_type=\"widget\" data-e-type=\"widget\" data-widget_type=\"heading.default\">\n\t\t\t\t<div class=\"elementor-widget-container\">\n\t\t\t\t\t<h2 class=\"elementor-heading-title elementor-size-default\">Red de compa\u00f1\u00edas aseguradoras y reaseguradores<\/h2>\t\t\t\t<\/div>\n\t\t\t\t<\/div>\n\t\t\t\t<div class=\"elementor-element elementor-element-4fb2c711 elementor-widget elementor-widget-text-editor\" data-id=\"4fb2c711\" data-element_type=\"widget\" data-e-type=\"widget\" data-widget_type=\"text-editor.default\">\n\t\t\t\t<div class=\"elementor-widget-container\">\n\t\t\t\t\t\t\t\t\t<p><span data-teams=\"true\">Trabajamos con un panel de compa\u00f1\u00edas de seguros y actores del reaseguro seleccionado bajo criterios de solvencia, capacidad t\u00e9cnica y consistencia operativa. Esta red permite articular capacidades de mercado de manera estructurada, asegurando respaldo adecuado y coherencia en la implementaci\u00f3n de los programas de cobertura.<\/span><\/p>\t\t\t\t\t\t\t\t<\/div>\n\t\t\t\t<\/div>\n\t\t\t\t<\/div>\n\t\t<div data-particle_enable=\"false\" data-particle-mobile-disabled=\"false\" class=\"elementor-element elementor-element-34acce0f e-con-full e-flex wpr-particle-no wpr-jarallax-no wpr-parallax-no e-con e-child\" data-id=\"34acce0f\" data-element_type=\"container\" data-e-type=\"container\">\n\t\t\t\t<div class=\"elementor-element elementor-element-7ec9aaa8 elementor-widget__width-initial elementor-widget elementor-widget-heading\" data-id=\"7ec9aaa8\" data-element_type=\"widget\" data-e-type=\"widget\" data-widget_type=\"heading.default\">\n\t\t\t\t<div class=\"elementor-widget-container\">\n\t\t\t\t\t<h2 class=\"elementor-heading-title elementor-size-default\">Respaldo t\u00e9cnico y capacidad de suscripci\u00f3n<\/h2>\t\t\t\t<\/div>\n\t\t\t\t<\/div>\n\t\t\t\t<div class=\"elementor-element elementor-element-5da35742 elementor-widget elementor-widget-text-editor\" data-id=\"5da35742\" data-element_type=\"widget\" data-e-type=\"widget\" data-widget_type=\"text-editor.default\">\n\t\t\t\t<div class=\"elementor-widget-container\">\n\t\t\t\t\t\t\t\t\t<p><span data-teams=\"true\">Las contrapartes con las que operamos cuentan con solidez financiera, experiencia t\u00e9cnica y capacidad de suscripci\u00f3n, lo que permite estructurar coberturas acordes al perfil de riesgo de cada programa. La evaluaci\u00f3n considera informaci\u00f3n p\u00fablica, calificaciones de riesgo y criterios de estabilidad, consistencia y capacidad de respuesta.<\/span><\/p>\t\t\t\t\t\t\t\t<\/div>\n\t\t\t\t<\/div>\n\t\t\t\t<\/div>\n\t\t<div data-particle_enable=\"false\" data-particle-mobile-disabled=\"false\" class=\"elementor-element elementor-element-19959504 e-con-full e-flex wpr-particle-no wpr-jarallax-no wpr-parallax-no e-con e-child\" data-id=\"19959504\" data-element_type=\"container\" data-e-type=\"container\">\n\t\t\t\t<div class=\"elementor-element elementor-element-507c9378 elementor-widget__width-initial elementor-widget elementor-widget-heading\" data-id=\"507c9378\" data-element_type=\"widget\" data-e-type=\"widget\" data-widget_type=\"heading.default\">\n\t\t\t\t<div class=\"elementor-widget-container\">\n\t\t\t\t\t<h2 class=\"elementor-heading-title elementor-size-default\">Estructuraci\u00f3n de programas de cobertura<\/h2>\t\t\t\t<\/div>\n\t\t\t\t<\/div>\n\t\t\t\t<div class=\"elementor-element elementor-element-2ed984f5 elementor-widget elementor-widget-text-editor\" data-id=\"2ed984f5\" data-element_type=\"widget\" data-e-type=\"widget\" data-widget_type=\"text-editor.default\">\n\t\t\t\t<div class=\"elementor-widget-container\">\n\t\t\t\t\t\t\t\t\t<p><span data-teams=\"true\">A partir de estas capacidades, estructuramos programas de cobertura ajustados a la realidad de cada cliente, evaluando la conveniencia de operar con un \u00fanico asegurador o mediante esquemas de distribuci\u00f3n del riesgo. Este proceso permite definir coberturas, l\u00edmites y condiciones de manera coherente, facilitando una toma de decisiones informada.<\/span><\/p>\t\t\t\t\t\t\t\t<\/div>\n\t\t\t\t<\/div>\n\t\t\t\t<\/div>\n\t\t\t\t\t<\/div>\n\t\t\t\t<\/div>\n\t\t<div data-particle_enable=\"false\" data-particle-mobile-disabled=\"false\" class=\"elementor-element elementor-element-1b79550 e-flex e-con-boxed wpr-particle-no wpr-jarallax-no wpr-parallax-no e-con e-parent\" data-id=\"1b79550\" data-element_type=\"container\" data-e-type=\"container\" data-settings=\"{&quot;background_background&quot;:&quot;classic&quot;}\">\n\t\t\t\t\t<div class=\"e-con-inner\">\n\t\t<div data-particle_enable=\"false\" data-particle-mobile-disabled=\"false\" class=\"elementor-element elementor-element-ece2b2b e-con-full e-flex wpr-particle-no wpr-jarallax-no wpr-parallax-no e-con e-child\" data-id=\"ece2b2b\" data-element_type=\"container\" data-e-type=\"container\" data-settings=\"{&quot;background_background&quot;:&quot;classic&quot;}\">\n\t\t<div data-particle_enable=\"false\" data-particle-mobile-disabled=\"false\" class=\"elementor-element elementor-element-b9bb5f8 e-con-full e-flex wpr-particle-no wpr-jarallax-no wpr-parallax-no e-con e-child\" data-id=\"b9bb5f8\" data-element_type=\"container\" data-e-type=\"container\">\n\t\t\t\t<div class=\"elementor-element elementor-element-34b6b8f elementor-widget elementor-widget-image\" data-id=\"34b6b8f\" data-element_type=\"widget\" data-e-type=\"widget\" data-widget_type=\"image.default\">\n\t\t\t\t<div class=\"elementor-widget-container\">\n\t\t\t\t\t\t\t\t\t\t\t\t\t\t\t\t<a href=\"https:\/\/mnkintl.com\/\" target=\"_blank\">\n\t\t\t\t\t\t\t<img fetchpriority=\"high\" decoding=\"async\" width=\"567\" height=\"200\" src=\"https:\/\/veritas.cl\/veritas\/wp-content\/uploads\/2026\/01\/1747775785024-e1769175806476.jpeg\" class=\"attachment-large size-large wp-image-58347\" alt=\"\" srcset=\"https:\/\/veritas.cl\/veritas\/wp-content\/uploads\/2026\/01\/1747775785024-e1769175806476.jpeg 567w, https:\/\/veritas.cl\/veritas\/wp-content\/uploads\/2026\/01\/1747775785024-e1769175806476-300x106.jpeg 300w\" sizes=\"(max-width: 567px) 100vw, 567px\" \/>\t\t\t\t\t\t\t\t<\/a>\n\t\t\t\t\t\t\t\t\t\t\t\t\t\t\t<\/div>\n\t\t\t\t<\/div>\n\t\t\t\t<\/div>\n\t\t<div data-particle_enable=\"false\" data-particle-mobile-disabled=\"false\" class=\"elementor-element elementor-element-30db583 e-con-full e-flex wpr-particle-no wpr-jarallax-no wpr-parallax-no e-con e-child\" data-id=\"30db583\" data-element_type=\"container\" data-e-type=\"container\">\n\t\t\t\t<div class=\"elementor-element elementor-element-20423ba elementor-widget elementor-widget-heading\" data-id=\"20423ba\" data-element_type=\"widget\" data-e-type=\"widget\" data-widget_type=\"heading.default\">\n\t\t\t\t<div class=\"elementor-widget-container\">\n\t\t\t\t\t<h2 class=\"elementor-heading-title elementor-size-default\">Alianza con MNK<\/h2>\t\t\t\t<\/div>\n\t\t\t\t<\/div>\n\t\t\t\t<div class=\"elementor-element elementor-element-7a0c934 elementor-widget elementor-widget-text-editor\" data-id=\"7a0c934\" data-element_type=\"widget\" data-e-type=\"widget\" data-widget_type=\"text-editor.default\">\n\t\t\t\t<div class=\"elementor-widget-container\">\n\t\t\t\t\t\t\t\t\t<p>Nuestra relaci\u00f3n con <em>MNK International<\/em>, corredor con presencia en el mercado de <em>Lloyd\u2019s of London<\/em> e integrante del Grupo MNK, ampl\u00eda el acceso a capacidades de suscripci\u00f3n y especializaci\u00f3n internacional. Esta articulaci\u00f3n fortalece la profundidad t\u00e9cnica de los programas que estructuramos, facilitando soluciones consistentes para riesgos que requieren proyecci\u00f3n m\u00e1s all\u00e1 del \u00e1mbito local.<\/p>\t\t\t\t\t\t\t\t<\/div>\n\t\t\t\t<\/div>\n\t\t\t\t<div class=\"elementor-element elementor-element-e0015cb elementor-widget elementor-widget-heading\" data-id=\"e0015cb\" data-element_type=\"widget\" data-e-type=\"widget\" data-widget_type=\"heading.default\">\n\t\t\t\t<div class=\"elementor-widget-container\">\n\t\t\t\t\t<h2 class=\"elementor-heading-title elementor-size-default\">Acceso a mercados de seguros y reaseguros globales<\/h2>\t\t\t\t<\/div>\n\t\t\t\t<\/div>\n\t\t\t\t<\/div>\n\t\t\t\t<\/div>\n\t\t\t\t\t<\/div>\n\t\t\t\t<\/div>\n\t\t\t\t<\/div>\n\t\t","protected":false},"excerpt":{"rendered":"<p>Alianzas que ampl\u00edan nuestro alcance Seguros que conectan Las alianzas con compa\u00f1\u00edas de seguros y actores del reaseguro constituyen un elemento central en la estructuraci\u00f3n de soluciones de protecci\u00f3n. A trav\u00e9s de estos v\u00ednculos, accedemos a capacidad de suscripci\u00f3n, conocimiento t\u00e9cnico y respaldo financiero que permiten abordar riesgos cada vez m\u00e1s complejos, asegurando consistencia entre las necesidades del cliente y las soluciones disponibles en el mercado. Estructuraci\u00f3n de capacidades a trav\u00e9s del mercado asegurador Estructuraci\u00f3n de capacidades a trav\u00e9s del mercado asegurador El mercado asegurador actual se caracteriza por la creciente interdependencia de los riesgos, la sofisticaci\u00f3n de las coberturas y la necesidad de estructuras que integren distintos niveles de protecci\u00f3n. En este contexto, la coordinaci\u00f3n entre aseguradores, actores del reaseguro y corredores resulta esencial para construir programas que aporten estabilidad y continuidad a las operaciones. Trabajamos con un panel de contrapartes cuidadosamente seleccionado, compuesto por compa\u00f1\u00edas de seguros y actores del reaseguro que comparten est\u00e1ndares t\u00e9cnicos, \u00e9ticos y operativos. Esta selecci\u00f3n se basa en criterios de solvencia, capacidad de respuesta, experiencia en los distintos ramos y consistencia en la relaci\u00f3n con los asegurados. Estas alianzas permiten estructurar esquemas de cobertura ajustados a la realidad de cada cliente, ya sea a trav\u00e9s de un \u00fanico asegurador o mediante la distribuci\u00f3n del riesgo entre m\u00faltiples participantes del mercado. De este modo, los programas se dise\u00f1an con mayor flexibilidad, profundidad t\u00e9cnica y respaldo adecuado, fortaleciendo la calidad de la protecci\u00f3n en el tiempo. Red de compa\u00f1\u00edas aseguradoras y reaseguradores Trabajamos con un panel de compa\u00f1\u00edas de seguros y actores del reaseguro seleccionado bajo criterios de solvencia, capacidad t\u00e9cnica y consistencia operativa. Esta red permite articular capacidades de mercado de manera estructurada, asegurando respaldo adecuado y coherencia en la implementaci\u00f3n de los programas de cobertura. Respaldo t\u00e9cnico y capacidad de suscripci\u00f3n Las contrapartes con las que operamos cuentan con solidez financiera, experiencia t\u00e9cnica y capacidad de suscripci\u00f3n, lo que permite estructurar coberturas acordes al perfil de riesgo de cada programa. La evaluaci\u00f3n considera informaci\u00f3n p\u00fablica, calificaciones de riesgo y criterios de estabilidad, consistencia y capacidad de respuesta. Estructuraci\u00f3n de programas de cobertura A partir de estas capacidades, estructuramos programas de cobertura ajustados a la realidad de cada cliente, evaluando la conveniencia de operar con un \u00fanico asegurador o mediante esquemas de distribuci\u00f3n del riesgo. Este proceso permite definir coberturas, l\u00edmites y condiciones de manera coherente, facilitando una toma de decisiones informada. Alianza con MNK Nuestra relaci\u00f3n con MNK International, corredor con presencia en el mercado de Lloyd\u2019s of London e integrante del Grupo MNK, ampl\u00eda el acceso a capacidades de suscripci\u00f3n y especializaci\u00f3n internacional. Esta articulaci\u00f3n fortalece la profundidad t\u00e9cnica de los programas que estructuramos, facilitando soluciones consistentes para riesgos que requieren proyecci\u00f3n m\u00e1s all\u00e1 del \u00e1mbito local. Acceso a mercados de seguros y reaseguros globales<\/p>\n","protected":false},"author":1,"featured_media":0,"parent":0,"menu_order":0,"comment_status":"closed","ping_status":"closed","template":"","meta":{"footnotes":""},"class_list":["post-46525","page","type-page","status-publish","hentry"],"_links":{"self":[{"href":"https:\/\/veritas.cl\/veritas\/wp-json\/wp\/v2\/pages\/46525","targetHints":{"allow":["GET"]}}],"collection":[{"href":"https:\/\/veritas.cl\/veritas\/wp-json\/wp\/v2\/pages"}],"about":[{"href":"https:\/\/veritas.cl\/veritas\/wp-json\/wp\/v2\/types\/page"}],"author":[{"embeddable":true,"href":"https:\/\/veritas.cl\/veritas\/wp-json\/wp\/v2\/users\/1"}],"replies":[{"embeddable":true,"href":"https:\/\/veritas.cl\/veritas\/wp-json\/wp\/v2\/comments?post=46525"}],"version-history":[{"count":252,"href":"https:\/\/veritas.cl\/veritas\/wp-json\/wp\/v2\/pages\/46525\/revisions"}],"predecessor-version":[{"id":62330,"href":"https:\/\/veritas.cl\/veritas\/wp-json\/wp\/v2\/pages\/46525\/revisions\/62330"}],"wp:attachment":[{"href":"https:\/\/veritas.cl\/veritas\/wp-json\/wp\/v2\/media?parent=46525"}],"curies":[{"name":"wp","href":"https:\/\/api.w.org\/{rel}","templated":true}]}}