{"id":46785,"date":"2025-08-18T16:32:12","date_gmt":"2025-08-18T16:32:12","guid":{"rendered":"https:\/\/veritas.cl\/veritas\/?page_id=46785"},"modified":"2026-03-20T17:11:35","modified_gmt":"2026-03-20T17:11:35","slug":"aeronaves-privadas","status":"publish","type":"page","link":"https:\/\/veritas.cl\/veritas\/aeronaves-privadas\/","title":{"rendered":"Aeronaves privadas"},"content":{"rendered":"\t\t<div data-elementor-type=\"wp-page\" data-elementor-id=\"46785\" class=\"elementor elementor-46785\" data-elementor-settings=\"{&quot;element_pack_global_tooltip_width&quot;:{&quot;unit&quot;:&quot;px&quot;,&quot;size&quot;:&quot;&quot;,&quot;sizes&quot;:[]},&quot;element_pack_global_tooltip_width_laptop&quot;:{&quot;unit&quot;:&quot;px&quot;,&quot;size&quot;:&quot;&quot;,&quot;sizes&quot;:[]},&quot;element_pack_global_tooltip_width_tablet&quot;:{&quot;unit&quot;:&quot;px&quot;,&quot;size&quot;:&quot;&quot;,&quot;sizes&quot;:[]},&quot;element_pack_global_tooltip_width_mobile&quot;:{&quot;unit&quot;:&quot;px&quot;,&quot;size&quot;:&quot;&quot;,&quot;sizes&quot;:[]},&quot;element_pack_global_tooltip_padding&quot;:{&quot;unit&quot;:&quot;px&quot;,&quot;top&quot;:&quot;&quot;,&quot;right&quot;:&quot;&quot;,&quot;bottom&quot;:&quot;&quot;,&quot;left&quot;:&quot;&quot;,&quot;isLinked&quot;:true},&quot;element_pack_global_tooltip_padding_laptop&quot;:{&quot;unit&quot;:&quot;px&quot;,&quot;top&quot;:&quot;&quot;,&quot;right&quot;:&quot;&quot;,&quot;bottom&quot;:&quot;&quot;,&quot;left&quot;:&quot;&quot;,&quot;isLinked&quot;:true},&quot;element_pack_global_tooltip_padding_tablet&quot;:{&quot;unit&quot;:&quot;px&quot;,&quot;top&quot;:&quot;&quot;,&quot;right&quot;:&quot;&quot;,&quot;bottom&quot;:&quot;&quot;,&quot;left&quot;:&quot;&quot;,&quot;isLinked&quot;:true},&quot;element_pack_global_tooltip_padding_mobile&quot;:{&quot;unit&quot;:&quot;px&quot;,&quot;top&quot;:&quot;&quot;,&quot;right&quot;:&quot;&quot;,&quot;bottom&quot;:&quot;&quot;,&quot;left&quot;:&quot;&quot;,&quot;isLinked&quot;:true},&quot;element_pack_global_tooltip_border_radius&quot;:{&quot;unit&quot;:&quot;px&quot;,&quot;top&quot;:&quot;&quot;,&quot;right&quot;:&quot;&quot;,&quot;bottom&quot;:&quot;&quot;,&quot;left&quot;:&quot;&quot;,&quot;isLinked&quot;:true},&quot;element_pack_global_tooltip_border_radius_laptop&quot;:{&quot;unit&quot;:&quot;px&quot;,&quot;top&quot;:&quot;&quot;,&quot;right&quot;:&quot;&quot;,&quot;bottom&quot;:&quot;&quot;,&quot;left&quot;:&quot;&quot;,&quot;isLinked&quot;:true},&quot;element_pack_global_tooltip_border_radius_tablet&quot;:{&quot;unit&quot;:&quot;px&quot;,&quot;top&quot;:&quot;&quot;,&quot;right&quot;:&quot;&quot;,&quot;bottom&quot;:&quot;&quot;,&quot;left&quot;:&quot;&quot;,&quot;isLinked&quot;:true},&quot;element_pack_global_tooltip_border_radius_mobile&quot;:{&quot;unit&quot;:&quot;px&quot;,&quot;top&quot;:&quot;&quot;,&quot;right&quot;:&quot;&quot;,&quot;bottom&quot;:&quot;&quot;,&quot;left&quot;:&quot;&quot;,&quot;isLinked&quot;:true}}\" data-elementor-post-type=\"page\">\n\t\t\t\t<div data-particle_enable=\"false\" data-particle-mobile-disabled=\"false\" class=\"elementor-element elementor-element-fb6b758 e-flex e-con-boxed wpr-particle-no wpr-jarallax-no wpr-parallax-no e-con e-parent\" data-id=\"fb6b758\" data-element_type=\"container\" data-e-type=\"container\" data-settings=\"{&quot;background_background&quot;:&quot;classic&quot;}\">\n\t\t\t\t\t<div class=\"e-con-inner\">\n\t\t\t\t<div class=\"elementor-element elementor-element-49007d6 elementor-widget elementor-widget-heading\" data-id=\"49007d6\" data-element_type=\"widget\" data-e-type=\"widget\" data-widget_type=\"heading.default\">\n\t\t\t\t<div class=\"elementor-widget-container\">\n\t\t\t\t\t<h2 class=\"elementor-heading-title elementor-size-default\">Arquitectura aseguradora para operaciones aeron\u00e1uticas<\/h2>\t\t\t\t<\/div>\n\t\t\t\t<\/div>\n\t\t\t\t<div class=\"elementor-element elementor-element-56360e7d elementor-widget elementor-widget-heading\" data-id=\"56360e7d\" data-element_type=\"widget\" data-e-type=\"widget\" data-widget_type=\"heading.default\">\n\t\t\t\t<div class=\"elementor-widget-container\">\n\t\t\t\t\t<h2 class=\"elementor-heading-title elementor-size-default\">Aeronaves Privadas<\/h2>\t\t\t\t<\/div>\n\t\t\t\t<\/div>\n\t\t\t\t\t<\/div>\n\t\t\t\t<\/div>\n\t\t<div data-particle_enable=\"false\" data-particle-mobile-disabled=\"false\" class=\"elementor-element elementor-element-5df79e1 e-flex e-con-boxed wpr-particle-no wpr-jarallax-no wpr-parallax-no e-con e-parent\" data-id=\"5df79e1\" data-element_type=\"container\" data-e-type=\"container\">\n\t\t\t\t\t<div class=\"e-con-inner\">\n\t\t<div data-particle_enable=\"false\" data-particle-mobile-disabled=\"false\" class=\"elementor-element elementor-element-1bfe3029 e-con-full e-flex wpr-particle-no wpr-jarallax-no wpr-parallax-no e-con e-child\" data-id=\"1bfe3029\" data-element_type=\"container\" data-e-type=\"container\">\n\t\t\t\t<div class=\"elementor-element elementor-element-625338e6 elementor-widget elementor-widget-text-editor\" data-id=\"625338e6\" data-element_type=\"widget\" data-e-type=\"widget\" data-widget_type=\"text-editor.default\">\n\t\t\t\t<div class=\"elementor-widget-container\">\n\t\t\t\t\t\t\t\t\t<p>La tenencia y operaci\u00f3n de aeronaves privadas involucran activos de alto valor sometidos a exigencias t\u00e9cnicas, regulatorias y operativas espec\u00edficas. Su aseguramiento requiere estructuras especializadas coherentes con la naturaleza del activo y el perfil de uso.<\/p>\t\t\t\t\t\t\t\t<\/div>\n\t\t\t\t<\/div>\n\t\t\t\t<\/div>\n\t\t\t\t\t<\/div>\n\t\t\t\t<\/div>\n\t\t\t\t<section data-particle_enable=\"false\" data-particle-mobile-disabled=\"false\" class=\"elementor-section elementor-top-section elementor-element elementor-element-cff3e37 elementor-section-boxed elementor-section-height-default elementor-section-height-default wpr-particle-no wpr-jarallax-no wpr-parallax-no\" data-id=\"cff3e37\" data-element_type=\"section\" data-e-type=\"section\">\n\t\t\t\t\t\t<div class=\"elementor-container elementor-column-gap-default\">\n\t\t\t\t\t<div class=\"elementor-column elementor-col-100 elementor-top-column elementor-element elementor-element-630aa2e3\" data-id=\"630aa2e3\" data-element_type=\"column\" data-e-type=\"column\">\n\t\t\t<div class=\"elementor-widget-wrap elementor-element-populated\">\n\t\t\t\t\t\t<section data-particle_enable=\"false\" data-particle-mobile-disabled=\"false\" class=\"elementor-section elementor-inner-section elementor-element elementor-element-1a7c1a42 elementor-section-boxed elementor-section-height-default elementor-section-height-default wpr-particle-no wpr-jarallax-no wpr-parallax-no\" data-id=\"1a7c1a42\" data-element_type=\"section\" data-e-type=\"section\">\n\t\t\t\t\t\t<div class=\"elementor-container elementor-column-gap-wide\">\n\t\t\t\t\t<div class=\"elementor-column elementor-col-100 elementor-inner-column elementor-element elementor-element-502f099c\" data-id=\"502f099c\" data-element_type=\"column\" data-e-type=\"column\">\n\t\t\t<div class=\"elementor-widget-wrap elementor-element-populated\">\n\t\t\t\t\t\t<div class=\"elementor-element elementor-element-48cf8d9 elementor-widget elementor-widget-heading\" data-id=\"48cf8d9\" data-element_type=\"widget\" data-e-type=\"widget\" data-widget_type=\"heading.default\">\n\t\t\t\t<div class=\"elementor-widget-container\">\n\t\t\t\t\t<h2 class=\"elementor-heading-title elementor-size-default\">Exposici\u00f3n y entorno operacional<\/h2>\t\t\t\t<\/div>\n\t\t\t\t<\/div>\n\t\t\t\t<div class=\"elementor-element elementor-element-4c0f8c7a elementor-widget elementor-widget-text-editor\" data-id=\"4c0f8c7a\" data-element_type=\"widget\" data-e-type=\"widget\" data-widget_type=\"text-editor.default\">\n\t\t\t\t<div class=\"elementor-widget-container\">\n\t\t\t\t\t\t\t\t\t<p>Aviones y helic\u00f3pteros particulares enfrentan riesgos propios del vuelo, despegue, aterrizaje, rodaje, almacenamiento y mantenimiento. A ello se suman exposiciones asociadas a jurisdicci\u00f3n de operaci\u00f3n, experiencia del piloto, normativa aeron\u00e1utica y condiciones del entorno. Dado su valor patrimonial y su relevancia estrat\u00e9gica, la gesti\u00f3n del riesgo aeron\u00e1utico debe integrarse dentro de una planificaci\u00f3n patrimonial ordenada.<\/p>\t\t\t\t\t\t\t\t<\/div>\n\t\t\t\t<\/div>\n\t\t\t\t\t<\/div>\n\t\t<\/div>\n\t\t\t\t\t<\/div>\n\t\t<\/section>\n\t\t\t\t\t<\/div>\n\t\t<\/div>\n\t\t\t\t\t<\/div>\n\t\t<\/section>\n\t\t<div data-particle_enable=\"false\" data-particle-mobile-disabled=\"false\" class=\"elementor-element elementor-element-ddbeadc e-flex e-con-boxed wpr-particle-no wpr-jarallax-no wpr-parallax-no e-con e-parent\" data-id=\"ddbeadc\" data-element_type=\"container\" data-e-type=\"container\">\n\t\t\t\t\t<div class=\"e-con-inner\">\n\t\t<div data-particle_enable=\"false\" data-particle-mobile-disabled=\"false\" class=\"elementor-element elementor-element-67c440a9 e-con-full e-flex wpr-particle-no wpr-jarallax-no wpr-parallax-no e-con e-child\" data-id=\"67c440a9\" data-element_type=\"container\" data-e-type=\"container\">\n\t\t\t\t<div class=\"elementor-element elementor-element-4dbbd168 elementor-widget elementor-widget-image\" data-id=\"4dbbd168\" data-element_type=\"widget\" data-e-type=\"widget\" data-widget_type=\"image.default\">\n\t\t\t\t<div class=\"elementor-widget-container\">\n\t\t\t\t\t\t\t\t\t\t\t\t\t\t\t<img fetchpriority=\"high\" decoding=\"async\" width=\"960\" height=\"960\" src=\"https:\/\/veritas.cl\/veritas\/wp-content\/uploads\/2026\/03\/coberturas_operaciones_aeronautica-1024x1024.webp\" class=\"attachment-large size-large wp-image-61625\" alt=\"\" srcset=\"https:\/\/veritas.cl\/veritas\/wp-content\/uploads\/2026\/03\/coberturas_operaciones_aeronautica-1024x1024.webp 1024w, https:\/\/veritas.cl\/veritas\/wp-content\/uploads\/2026\/03\/coberturas_operaciones_aeronautica-300x300.webp 300w, https:\/\/veritas.cl\/veritas\/wp-content\/uploads\/2026\/03\/coberturas_operaciones_aeronautica-150x150.webp 150w, https:\/\/veritas.cl\/veritas\/wp-content\/uploads\/2026\/03\/coberturas_operaciones_aeronautica-768x768.webp 768w, https:\/\/veritas.cl\/veritas\/wp-content\/uploads\/2026\/03\/coberturas_operaciones_aeronautica.webp 1200w\" sizes=\"(max-width: 960px) 100vw, 960px\" \/>\t\t\t\t\t\t\t\t\t\t\t\t\t\t\t<\/div>\n\t\t\t\t<\/div>\n\t\t\t\t<\/div>\n\t\t<div data-particle_enable=\"false\" data-particle-mobile-disabled=\"false\" class=\"elementor-element elementor-element-412755a e-con-full e-flex wpr-particle-no wpr-jarallax-no wpr-parallax-no e-con e-child\" data-id=\"412755a\" data-element_type=\"container\" data-e-type=\"container\">\n\t\t\t\t<div class=\"elementor-element elementor-element-6b03996 elementor-widget elementor-widget-heading\" data-id=\"6b03996\" data-element_type=\"widget\" data-e-type=\"widget\" data-widget_type=\"heading.default\">\n\t\t\t\t<div class=\"elementor-widget-container\">\n\t\t\t\t\t<h2 class=\"elementor-heading-title elementor-size-default\">Coberturas para operaci\u00f3n y responsabilidad aeron\u00e1utica\n<\/h2>\t\t\t\t<\/div>\n\t\t\t\t<\/div>\n\t\t\t\t<div class=\"elementor-element elementor-element-ce3db33 elementor-widget elementor-widget-text-editor\" data-id=\"ce3db33\" data-element_type=\"widget\" data-e-type=\"widget\" data-widget_type=\"text-editor.default\">\n\t\t\t\t<div class=\"elementor-widget-container\">\n\t\t\t\t\t\t\t\t\t<p>Los programas de seguros para aeronaves privadas contemplan habitualmente:<\/p><ul><li>Da\u00f1os materiales a la aeronave, tanto en vuelo como en tierra.<\/li><li>Cobertura durante mantenimiento, estacionamiento y traslado.<\/li><li>Incendio, impacto, colisiones y fen\u00f3menos naturales.<\/li><li>Responsabilidad civil aeron\u00e1utica frente a terceros y pasajeros.<\/li><li>Gastos de salvamento, remoci\u00f3n y contingencias asociadas.<\/li><\/ul>\t\t\t\t\t\t\t\t<\/div>\n\t\t\t\t<\/div>\n\t\t\t\t<div class=\"elementor-element elementor-element-cbe2c83 elementor-widget elementor-widget-text-editor\" data-id=\"cbe2c83\" data-element_type=\"widget\" data-e-type=\"widget\" data-widget_type=\"text-editor.default\">\n\t\t\t\t<div class=\"elementor-widget-container\">\n\t\t\t\t\t\t\t\t\t<p>Dependiendo del perfil del riesgo, pueden incorporarse coberturas para tripulaci\u00f3n, hangares, repuestos y equipos especiales.<\/p><p>La estructuraci\u00f3n considera tipo de aeronave, uso, jurisdicci\u00f3n y experiencia operativa, ajustando l\u00edmites y condiciones a la exposici\u00f3n real.<\/p>\t\t\t\t\t\t\t\t<\/div>\n\t\t\t\t<\/div>\n\t\t\t\t<\/div>\n\t\t\t\t\t<\/div>\n\t\t\t\t<\/div>\n\t\t<div data-particle_enable=\"false\" data-particle-mobile-disabled=\"false\" class=\"elementor-element elementor-element-ebbe6d6 e-flex e-con-boxed wpr-particle-no wpr-jarallax-no wpr-parallax-no e-con e-parent\" data-id=\"ebbe6d6\" data-element_type=\"container\" data-e-type=\"container\">\n\t\t\t\t\t<div class=\"e-con-inner\">\n\t\t<div data-particle_enable=\"false\" data-particle-mobile-disabled=\"false\" class=\"elementor-element elementor-element-e9cca44 e-con-full e-flex wpr-particle-no wpr-jarallax-no wpr-parallax-no e-con e-child\" data-id=\"e9cca44\" data-element_type=\"container\" data-e-type=\"container\">\n\t\t\t\t<div class=\"elementor-element elementor-element-06d685e elementor-widget elementor-widget-heading\" data-id=\"06d685e\" data-element_type=\"widget\" data-e-type=\"widget\" data-widget_type=\"heading.default\">\n\t\t\t\t<div class=\"elementor-widget-container\">\n\t\t\t\t\t<h2 class=\"elementor-heading-title elementor-size-default\">Seguimiento t\u00e9cnico y coherencia patrimonial<\/h2>\t\t\t\t<\/div>\n\t\t\t\t<\/div>\n\t\t\t\t<div class=\"elementor-element elementor-element-490bcca elementor-widget elementor-widget-text-editor\" data-id=\"490bcca\" data-element_type=\"widget\" data-e-type=\"widget\" data-widget_type=\"text-editor.default\">\n\t\t\t\t<div class=\"elementor-widget-container\">\n\t\t\t\t\t\t\t\t\t<p>La protecci\u00f3n de una aeronave no se limita a la emisi\u00f3n de la p\u00f3liza. Requiere revisi\u00f3n peri\u00f3dica del perfil de uso, actualizaci\u00f3n de valores asegurados y conducci\u00f3n t\u00e9cnica en caso de siniestro.<\/p><p>Este modelo permite sostener coherencia entre la evoluci\u00f3n del activo y su protecci\u00f3n aseguradora, resguardando continuidad de uso y estabilidad patrimonial.<\/p>\t\t\t\t\t\t\t\t<\/div>\n\t\t\t\t<\/div>\n\t\t\t\t<\/div>\n\t\t<div data-particle_enable=\"false\" data-particle-mobile-disabled=\"false\" class=\"elementor-element elementor-element-6603eba e-con-full e-flex wpr-particle-no wpr-jarallax-no wpr-parallax-no e-con e-child\" data-id=\"6603eba\" data-element_type=\"container\" data-e-type=\"container\">\n\t\t\t\t<div class=\"elementor-element elementor-element-0850b7b elementor-widget elementor-widget-image\" data-id=\"0850b7b\" data-element_type=\"widget\" data-e-type=\"widget\" data-widget_type=\"image.default\">\n\t\t\t\t<div class=\"elementor-widget-container\">\n\t\t\t\t\t\t\t\t\t\t\t\t\t\t\t<img decoding=\"async\" width=\"960\" height=\"960\" src=\"https:\/\/veritas.cl\/veritas\/wp-content\/uploads\/2026\/03\/seguimiento_tecnico-4-1024x1024.webp\" class=\"attachment-large size-large wp-image-61626\" alt=\"\" srcset=\"https:\/\/veritas.cl\/veritas\/wp-content\/uploads\/2026\/03\/seguimiento_tecnico-4-1024x1024.webp 1024w, https:\/\/veritas.cl\/veritas\/wp-content\/uploads\/2026\/03\/seguimiento_tecnico-4-300x300.webp 300w, https:\/\/veritas.cl\/veritas\/wp-content\/uploads\/2026\/03\/seguimiento_tecnico-4-150x150.webp 150w, https:\/\/veritas.cl\/veritas\/wp-content\/uploads\/2026\/03\/seguimiento_tecnico-4-768x768.webp 768w, https:\/\/veritas.cl\/veritas\/wp-content\/uploads\/2026\/03\/seguimiento_tecnico-4.webp 1200w\" sizes=\"(max-width: 960px) 100vw, 960px\" \/>\t\t\t\t\t\t\t\t\t\t\t\t\t\t\t<\/div>\n\t\t\t\t<\/div>\n\t\t\t\t<\/div>\n\t\t\t\t\t<\/div>\n\t\t\t\t<\/div>\n\t\t<div data-particle_enable=\"false\" data-particle-mobile-disabled=\"false\" class=\"elementor-element elementor-element-e4df769 bdt-backdrop-filter-yes e-flex e-con-boxed wpr-particle-no wpr-jarallax-no wpr-parallax-no e-con e-parent\" data-id=\"e4df769\" data-element_type=\"container\" data-e-type=\"container\" data-settings=\"{&quot;background_background&quot;:&quot;classic&quot;}\">\n\t\t\t\t\t<div class=\"e-con-inner\">\n\t\t<div data-particle_enable=\"false\" data-particle-mobile-disabled=\"false\" class=\"elementor-element elementor-element-3a38d6a1 e-con-full e-flex wpr-particle-no wpr-jarallax-no wpr-parallax-no e-con e-child\" data-id=\"3a38d6a1\" data-element_type=\"container\" data-e-type=\"container\">\n\t\t<div data-particle_enable=\"false\" data-particle-mobile-disabled=\"false\" class=\"elementor-element elementor-element-22e4af6c bdt-backdrop-filter-yes e-con-full e-flex wpr-particle-no wpr-jarallax-no wpr-parallax-no e-con e-child\" data-id=\"22e4af6c\" data-element_type=\"container\" data-e-type=\"container\" data-settings=\"{&quot;background_background&quot;:&quot;classic&quot;}\">\n\t\t<div data-particle_enable=\"false\" data-particle-mobile-disabled=\"false\" class=\"elementor-element elementor-element-5bf1e79d e-con-full e-flex wpr-particle-no wpr-jarallax-no wpr-parallax-no e-con e-child\" data-id=\"5bf1e79d\" data-element_type=\"container\" data-e-type=\"container\" data-settings=\"{&quot;background_background&quot;:&quot;classic&quot;}\">\n\t\t\t\t<div class=\"elementor-element elementor-element-6790a2c4 elementor-widget elementor-widget-heading\" data-id=\"6790a2c4\" data-element_type=\"widget\" data-e-type=\"widget\" data-widget_type=\"heading.default\">\n\t\t\t\t<div class=\"elementor-widget-container\">\n\t\t\t\t\t<h2 class=\"elementor-heading-title elementor-size-default\">Inf\u00f3rmese y tome la mejor decisi\u00f3n<\/h2>\t\t\t\t<\/div>\n\t\t\t\t<\/div>\n\t\t\t\t<div class=\"elementor-element elementor-element-139b1dbb elementor-widget elementor-widget-heading\" data-id=\"139b1dbb\" data-element_type=\"widget\" data-e-type=\"widget\" data-widget_type=\"heading.default\">\n\t\t\t\t<div class=\"elementor-widget-container\">\n\t\t\t\t\t<h2 class=\"elementor-heading-title elementor-size-default\">Solicite asesor\u00eda experta<\/h2>\t\t\t\t<\/div>\n\t\t\t\t<\/div>\n\t\t\t\t<div class=\"elementor-element elementor-element-14184679 elementor-widget elementor-widget-text-editor\" data-id=\"14184679\" data-element_type=\"widget\" data-e-type=\"widget\" data-widget_type=\"text-editor.default\">\n\t\t\t\t<div class=\"elementor-widget-container\">\n\t\t\t\t\t\t\t\t\t<p style=\"text-align: left;\">Resuelva sus consultas con nuestros especialistas, solicite su asesor\u00eda personalizada ahora.<\/p>\t\t\t\t\t\t\t\t<\/div>\n\t\t\t\t<\/div>\n\t\t\t\t<div class=\"elementor-element elementor-element-25fed36 elementor-position-inline-start elementor-widget__width-initial elementor-widget-mobile__width-inherit elementor-mobile-position-inline-start elementor-view-default elementor-widget elementor-widget-icon-box\" data-id=\"25fed36\" data-element_type=\"widget\" data-e-type=\"widget\" data-widget_type=\"icon-box.default\">\n\t\t\t\t<div class=\"elementor-widget-container\">\n\t\t\t\t\t\t\t<div class=\"elementor-icon-box-wrapper\">\n\n\t\t\t\t\t\t<div class=\"elementor-icon-box-icon\">\n\t\t\t\t<a href=\"https:\/\/veritas.cl\/veritas\/formulario-de-contacto\/\" class=\"elementor-icon\" tabindex=\"-1\" aria-label=\"Cont\u00e1ctenos\">\n\t\t\t\t<svg xmlns=\"http:\/\/www.w3.org\/2000\/svg\" id=\"Capa_1\" viewBox=\"0 0 241 69\"><defs><style>      .st0 {        fill: #039;      }      .st1 {        fill: none;        stroke: #039;        stroke-miterlimit: 10;        stroke-width: 6px;      }    <\/style><\/defs><path class=\"st1\" d=\"M3,35h227.06\"><\/path><path class=\"st0\" d=\"M184.96,66.68c-.98-1.53-.52-3.58,1.02-4.56l42.58-27.12-42.58-27.12c-1.54-.98-2-3.02-1.02-4.56.98-1.53,3.04-1.98,4.56-1.01l46.95,29.91c.95.61,1.53,1.66,1.53,2.78s-.58,2.18-1.53,2.78l-46.95,29.91c-.55.35-1.17.52-1.77.52-1.09,0-2.16-.54-2.79-1.53Z\"><\/path><\/svg>\t\t\t\t<\/a>\n\t\t\t<\/div>\n\t\t\t\n\t\t\t\t\t\t<div class=\"elementor-icon-box-content\">\n\n\t\t\t\t\t\t\t\t\t<h3 class=\"elementor-icon-box-title\">\n\t\t\t\t\t\t<a href=\"https:\/\/veritas.cl\/veritas\/formulario-de-contacto\/\" >\n\t\t\t\t\t\t\tCont\u00e1ctenos\t\t\t\t\t\t<\/a>\n\t\t\t\t\t<\/h3>\n\t\t\t\t\n\t\t\t\t\n\t\t\t<\/div>\n\t\t\t\n\t\t<\/div>\n\t\t\t\t\t\t<\/div>\n\t\t\t\t<\/div>\n\t\t\t\t<\/div>\n\t\t<div data-particle_enable=\"false\" data-particle-mobile-disabled=\"false\" class=\"elementor-element elementor-element-4bba4700 e-con-full e-flex wpr-particle-no wpr-jarallax-no wpr-parallax-no e-con e-child\" data-id=\"4bba4700\" data-element_type=\"container\" data-e-type=\"container\" data-settings=\"{&quot;background_background&quot;:&quot;classic&quot;}\">\n\t\t\t\t<div class=\"elementor-element elementor-element-7b8b36ef elementor-widget elementor-widget-image\" data-id=\"7b8b36ef\" data-element_type=\"widget\" data-e-type=\"widget\" data-widget_type=\"image.default\">\n\t\t\t\t<div class=\"elementor-widget-container\">\n\t\t\t\t\t\t\t\t\t\t\t\t\t\t\t<img decoding=\"async\" width=\"960\" height=\"640\" src=\"https:\/\/veritas.cl\/veritas\/wp-content\/uploads\/2026\/03\/solicite-asesoria-experta-1024x683.webp\" class=\"attachment-large size-large wp-image-61185\" alt=\"\" srcset=\"https:\/\/veritas.cl\/veritas\/wp-content\/uploads\/2026\/03\/solicite-asesoria-experta-1024x683.webp 1024w, https:\/\/veritas.cl\/veritas\/wp-content\/uploads\/2026\/03\/solicite-asesoria-experta-300x200.webp 300w, https:\/\/veritas.cl\/veritas\/wp-content\/uploads\/2026\/03\/solicite-asesoria-experta-768x512.webp 768w, https:\/\/veritas.cl\/veritas\/wp-content\/uploads\/2026\/03\/solicite-asesoria-experta.webp 1200w\" sizes=\"(max-width: 960px) 100vw, 960px\" \/>\t\t\t\t\t\t\t\t\t\t\t\t\t\t\t<\/div>\n\t\t\t\t<\/div>\n\t\t\t\t<\/div>\n\t\t\t\t<\/div>\n\t\t\t\t<\/div>\n\t\t\t\t\t<\/div>\n\t\t\t\t<\/div>\n\t\t\t\t<\/div>\n\t\t","protected":false},"excerpt":{"rendered":"<p>Arquitectura aseguradora para operaciones aeron\u00e1uticas Aeronaves Privadas La tenencia y operaci\u00f3n de aeronaves privadas involucran activos de alto valor sometidos a exigencias t\u00e9cnicas, regulatorias y operativas espec\u00edficas. Su aseguramiento requiere estructuras especializadas coherentes con la naturaleza del activo y el perfil de uso. Exposici\u00f3n y entorno operacional Aviones y helic\u00f3pteros particulares enfrentan riesgos propios del vuelo, despegue, aterrizaje, rodaje, almacenamiento y mantenimiento. A ello se suman exposiciones asociadas a jurisdicci\u00f3n de operaci\u00f3n, experiencia del piloto, normativa aeron\u00e1utica y condiciones del entorno. Dado su valor patrimonial y su relevancia estrat\u00e9gica, la gesti\u00f3n del riesgo aeron\u00e1utico debe integrarse dentro de una planificaci\u00f3n patrimonial ordenada. Coberturas para operaci\u00f3n y responsabilidad aeron\u00e1utica Los programas de seguros para aeronaves privadas contemplan habitualmente: Da\u00f1os materiales a la aeronave, tanto en vuelo como en tierra. Cobertura durante mantenimiento, estacionamiento y traslado. Incendio, impacto, colisiones y fen\u00f3menos naturales. Responsabilidad civil aeron\u00e1utica frente a terceros y pasajeros. Gastos de salvamento, remoci\u00f3n y contingencias asociadas. Dependiendo del perfil del riesgo, pueden incorporarse coberturas para tripulaci\u00f3n, hangares, repuestos y equipos especiales. La estructuraci\u00f3n considera tipo de aeronave, uso, jurisdicci\u00f3n y experiencia operativa, ajustando l\u00edmites y condiciones a la exposici\u00f3n real. Seguimiento t\u00e9cnico y coherencia patrimonial La protecci\u00f3n de una aeronave no se limita a la emisi\u00f3n de la p\u00f3liza. Requiere revisi\u00f3n peri\u00f3dica del perfil de uso, actualizaci\u00f3n de valores asegurados y conducci\u00f3n t\u00e9cnica en caso de siniestro. Este modelo permite sostener coherencia entre la evoluci\u00f3n del activo y su protecci\u00f3n aseguradora, resguardando continuidad de uso y estabilidad patrimonial. Inf\u00f3rmese y tome la mejor decisi\u00f3n Solicite asesor\u00eda experta Resuelva sus consultas con nuestros especialistas, solicite su asesor\u00eda personalizada ahora. Cont\u00e1ctenos<\/p>\n","protected":false},"author":1,"featured_media":0,"parent":0,"menu_order":0,"comment_status":"closed","ping_status":"closed","template":"","meta":{"footnotes":""},"class_list":["post-46785","page","type-page","status-publish","hentry"],"_links":{"self":[{"href":"https:\/\/veritas.cl\/veritas\/wp-json\/wp\/v2\/pages\/46785","targetHints":{"allow":["GET"]}}],"collection":[{"href":"https:\/\/veritas.cl\/veritas\/wp-json\/wp\/v2\/pages"}],"about":[{"href":"https:\/\/veritas.cl\/veritas\/wp-json\/wp\/v2\/types\/page"}],"author":[{"embeddable":true,"href":"https:\/\/veritas.cl\/veritas\/wp-json\/wp\/v2\/users\/1"}],"replies":[{"embeddable":true,"href":"https:\/\/veritas.cl\/veritas\/wp-json\/wp\/v2\/comments?post=46785"}],"version-history":[{"count":215,"href":"https:\/\/veritas.cl\/veritas\/wp-json\/wp\/v2\/pages\/46785\/revisions"}],"predecessor-version":[{"id":62456,"href":"https:\/\/veritas.cl\/veritas\/wp-json\/wp\/v2\/pages\/46785\/revisions\/62456"}],"wp:attachment":[{"href":"https:\/\/veritas.cl\/veritas\/wp-json\/wp\/v2\/media?parent=46785"}],"curies":[{"name":"wp","href":"https:\/\/api.w.org\/{rel}","templated":true}]}}